{"id":73,"date":"2025-04-20T20:38:53","date_gmt":"2025-04-20T18:38:53","guid":{"rendered":"https:\/\/www.az-schulratgeber.ch\/?page_id=73"},"modified":"2025-04-20T20:43:48","modified_gmt":"2025-04-20T18:43:48","slug":"frequently-asked-questions","status":"publish","type":"page","link":"https:\/\/www.az-schulratgeber.ch\/?page_id=73","title":{"rendered":"Frequently Asked Questions"},"content":{"rendered":"\n<details class=\"wp-block-details is-layout-flow wp-block-details-is-layout-flow\"><summary>Was unterscheidet Ihre Beratung von anderen Angeboten?<\/summary>\n<p style=\"font-style:normal;font-weight:100\"><mark style=\"background-color:rgba(0, 0, 0, 0);color:#a30e21\" class=\"has-inline-color\">Ich kombiniere \u00fcber 20 Jahre praktische Erfahrung im Bildungswesen mit fundiertem Wissen aus F\u00fchrungsarbeit, Elternarbeit und politischer T\u00e4tigkeit. Mein Ansatz ist l\u00f6sungsorientiert, individuell auf Ihre Bed\u00fcrfnisse abgestimmt und darauf ausgelegt, nachhaltige Ergebnisse zu erzielen.<\/mark><\/p>\n<\/details>\n\n\n\n<details class=\"wp-block-details is-layout-flow wp-block-details-is-layout-flow\"><summary>Wie l\u00e4uft eine Beratung oder ein Coaching bei Ihnen ab?<\/summary>\n<p class=\"has-text-color has-link-color wp-elements-ab98e756a458c5e4f7bacb2a244d58ce\" style=\"color:#a30e21;font-style:normal;font-weight:100\">Zu Beginn kl\u00e4ren wir in einem unverbindlichen Gespr\u00e4ch Ihre Ziele und Herausforderungen. <\/p>\n\n\n\n<p class=\"has-text-color has-link-color wp-elements-2402a67cecdd14bb94453027df0cf6df\" style=\"color:#a30e21;font-style:normal;font-weight:100\">Basierend darauf entwickle ich ein individuelles Konzept. In der Zusammenarbeit legen wir Wert auf praxisnahe L\u00f6sungen und setzen diese Schritt f\u00fcr Schritt gemeinsam um.<\/p>\n<\/details>\n\n\n\n<details class=\"wp-block-details is-layout-flow wp-block-details-is-layout-flow\"><summary>In welchen Regionen sind Sie t\u00e4tig?<\/summary>\n<p class=\"has-text-color has-link-color wp-elements-1546f23494e6bf882c076f3949db2afd\" style=\"color:#a30e21;font-style:normal;font-weight:100\">Ich bin im Kanton Aargau und den umliegenden Kantone t\u00e4tig.<\/p>\n<\/details>\n\n\n\n<details class=\"wp-block-details is-layout-flow wp-block-details-is-layout-flow\"><summary>Wie lange dauert eine Beratung oder ein Coaching?<\/summary>\n<p class=\"has-text-color has-link-color wp-elements-4fb921f58bcd4cddace57dd27ea804d6\" style=\"color:#a30e21;font-style:normal;font-weight:100\">Die Dauer h\u00e4ngt von Ihrem individuellen Bedarf ab. Einzelne Coachings k\u00f6nnen wenige Stunden in Anspruch nehmen, w\u00e4hrend umfassendere Projekte \u00fcber mehrere Wochen oder Monate gehen k\u00f6nnen.<\/p>\n<\/details>\n\n\n\n<details class=\"wp-block-details is-layout-flow wp-block-details-is-layout-flow\"><summary>Was kostet eine Beratung oder ein Coaching?<\/summary>\n<p class=\"has-text-color has-link-color wp-elements-c34db732dfb4a6bcea2f3c64114edf65\" style=\"color:#a30e21;font-style:normal;font-weight:100\">Die Kosten variieren je nach Umfang und Art der Beratung. Ich erstelle Ihnen gerne ein unverbindliches Angebot, das auf Ihre Bed\u00fcrfnisse zugeschnitten ist.<\/p>\n<\/details>\n\n\n\n<details class=\"wp-block-details is-layout-flow wp-block-details-is-layout-flow\"><summary>Wie kann ich ein Angebot anfordern?<\/summary>\n<p class=\"has-text-color has-link-color wp-elements-a398e156e2a26298a90bb6301adf37b6\" style=\"color:#a30e21;font-style:normal;font-weight:100\">Sie k\u00f6nnen mich ganz einfach \u00fcber das Kontaktformular auf der Webseite oder telefonisch erreichen. Nach einer ersten unverbindlichen Kontaktaufnahme besprechen wir gemeinsam Ihre Anforderungen und erstellen ein individuelles Angebot.<\/p>\n<\/details>\n","protected":false},"excerpt":{"rendered":"","protected":false},"author":1,"featured_media":0,"parent":0,"menu_order":0,"comment_status":"closed","ping_status":"closed","template":"","meta":{"footnotes":""},"class_list":["post-73","page","type-page","status-publish","hentry"],"_links":{"self":[{"href":"https:\/\/www.az-schulratgeber.ch\/index.php?rest_route=\/wp\/v2\/pages\/73","targetHints":{"allow":["GET"]}}],"collection":[{"href":"https:\/\/www.az-schulratgeber.ch\/index.php?rest_route=\/wp\/v2\/pages"}],"about":[{"href":"https:\/\/www.az-schulratgeber.ch\/index.php?rest_route=\/wp\/v2\/types\/page"}],"author":[{"embeddable":true,"href":"https:\/\/www.az-schulratgeber.ch\/index.php?rest_route=\/wp\/v2\/users\/1"}],"replies":[{"embeddable":true,"href":"https:\/\/www.az-schulratgeber.ch\/index.php?rest_route=%2Fwp%2Fv2%2Fcomments&post=73"}],"version-history":[{"count":3,"href":"https:\/\/www.az-schulratgeber.ch\/index.php?rest_route=\/wp\/v2\/pages\/73\/revisions"}],"predecessor-version":[{"id":76,"href":"https:\/\/www.az-schulratgeber.ch\/index.php?rest_route=\/wp\/v2\/pages\/73\/revisions\/76"}],"wp:attachment":[{"href":"https:\/\/www.az-schulratgeber.ch\/index.php?rest_route=%2Fwp%2Fv2%2Fmedia&parent=73"}],"curies":[{"name":"wp","href":"https:\/\/api.w.org\/{rel}","templated":true}]}}